git of 7/14 + y/x?
1
Let x = 15 + -11. What is the units digit of x?
4
Let o = 15 + -11. Let p be (-3*o)/(-2) + -3. What is the units digit of (-1 - -7)/p + -1?
1
Let r(s) = s**3 - 3*s**2 - 3*s - 1. Let d be r(4). Suppose -p + 4 = 5*g + 3, -d*g = 3*p - 15. What is the units digit of p?
6
Suppose 4*w = 4*y + 12, -5*w = -y - 2*w - 13. What is the units digit of y?
2
Let w(n) = n**3 - 4*n**2 - 3*n - 4. Let i = 5 - 0. Let p be w(i). Suppose 2*j = -f + p*f + 21, 4*j - 15 = f. What is the units digit of j?
3
Suppose 2*f - 2*o - 138 = 0, -26 = 4*f + 5*o - 320. What is the units digit of f?
1
Suppose 15 = 2*r - 2*u - 11, u + 4 = 0. What is the units digit of 10*(r/6)/3?
5
Let i(t) = 6*t**2 - 5*t + 3. What is the hundreds digit of i(-7)?
3
Suppose -3*b + 911 = -4*c, -4*c + 943 = 6*b - 3*b. What is the hundreds digit of b?
3
Let d = -6 + 22. Suppose -4*n + 44 = d. What is the units digit of n?
7
Let l(r) = 3*r**3 - r**2. Let v be l(1). What is the units digit of (-1)/v - (-52)/8?
6
Suppose -4*i = 2 + 10. What is the tens digit of 6/i*11/(-2)?
1
Let y = -4 + 6. Suppose 0 = -2*v, 3*l - y*v - 42 = -0*v. What is the tens digit of l?
1
Let f be -10 - -1*1/1. Let z = 16 + f. Let j(h) = -h + 14. What is the units digit of j(z)?
7
What is the tens digit of (84/(-10))/(5/(50/(-4)))?
2
Suppose 15 = t + 4*t. Suppose -t*l = -2*l - 9. What is the units digit of l/2 + 1/2?
5
Let p = -498 - -894. What is the hundreds digit of p?
3
Let w = 34 - -6. What is the tens digit of w?
4
What is the tens digit of -5*5*(-23 - -22)?
2
Let b = 5 - -1. Let z(x) = 2*x - 8. What is the units digit of z(b)?
4
Suppose -4*r = -r - 42. Suppose -7 = 3*u + r. Let v = u + 10. What is the units digit of v?
3
Suppose 0 = -3*q + 3*s + 219, -3*s = 3*q - 4*s - 223. What is the tens digit of q?
7
Let i(o) = o**3 - 2*o**2 + 2*o - 2. Let k be i(2). Suppose -k*m = -m - 32. What is the tens digit of m?
3
Let w be (16/6)/((-10)/(-15)). Suppose 2*g + 2 + w = 0, -j = 4*g - 5. What is the tens digit of j?
1
Suppose -4*d + 2 = 3*q + 47, -3*d + 3*q = 39. What is the tens digit of d/(-8)*(-92)/(-6)?
2
Let j(f) = -f**3 - 2*f**2 + 10*f - 3*f**2 + 4 - 4*f. Suppose 3*k + 5*p + 12 = -1, 3*k + 3*p + 15 = 0. What is the units digit of j(k)?
4
Let d be ((-6)/(-4))/((-2)/(-20)). Suppose -d = 3*k + 2*k. What is the units digit of -2 - 10*(2 + k)?
8
What is the units digit of 1/((-255)/129 + 2)?
3
What is the tens digit of ((-24)/(-10))/(3/165)?
3
Suppose -5*s = -3*f - 6*s + 18, 4*s - 22 = -2*f. Suppose 5*d = p - 4*p + 50, 0 = -f*p + 5*d + 70. What is the units digit of p?
5
Let u = -35 - -149. What is the tens digit of u?
1
Let u be (30/9 + -1)*-3. Let g = u + 5. What is the units digit of (2/g)/((-2)/4)?
2
Let n = -60 + 125. What is the tens digit of n?
6
What is the units digit of 51/(-4)*(2 + -6)?
1
Let d(x) be the first derivative of x**4/4 + 9*x - 2. Let r(g) = g - 7. Let p be r(7). What is the units digit of d(p)?
9
Let u(l) = -l + 7. Let o be (-2 + 0)*(-15)/(-6). What is the tens digit of u(o)?
1
Let t(u) = u + 7. Let d be t(-3). Suppose 12 = 3*k, 28 = 4*v + 2*k - d. What is the units digit of v?
6
Suppose -2*u = -k - 8 + 3, 4 = -2*k + 2*u. What is the tens digit of k/3 - (-472)/24?
2
Let k(y) be the first derivative of y**3/3 + 3*y**2/2 - 4*y + 1. What is the units digit of k(-5)?
6
Let p(a) = a**2 - a + 2*a + 2*a - 6 - 5*a. Let b be p(7). Suppose 0 = 4*q + 1 - b. What is the units digit of q?
7
What is the units digit of 93*(2 - 10/6)?
1
Suppose -4*n = 10 + 18. Let q = n + 12. Suppose q*i + 10 = 35. What is the units digit of i?
5
Suppose y - 5*y = 0. Suppose 4*z + 4*h - 20 = y, 3*z - h - 3*h - 22 = 0. What is the units digit of z?
6
Let t(b) = b**3 + b**2 - 3*b + 2. Suppose -5*q + 16 = -2*y, y = 3*q + 5*y + 6. What is the units digit of t(q)?
8
Suppose 3*y - 24 = -3*v, 0*y = 3*v - y - 4. Let f(i) = -i - 10. Let a be f(-14). What is the units digit of 1/v + a/6?
1
Let o be -3*(2 - 4 - -1). Suppose -t + o = 4. What is the units digit of t + 7 - (-5 - -4)?
7
What is the units digit of ((-3)/1)/(18/(-276))?
6
Let g(z) = 2*z**2 - z + 8. What is the tens digit of g(-11)?
6
Suppose -3*a - 11 = -71. Let q = a - -8. What is the tens digit of q?
2
Suppose -7*y = -5*s - 6*y + 1370, -5*y = 0. What is the hundreds digit of s?
2
Let j(f) = f**2 + 2*f. Let c be j(-3). Suppose 40 = 2*x + c*x. What is the units digit of x?
8
Let z(u) = -4*u**2 - u + 2. Let c be z(-2). What is the tens digit of 3/4 + (-243)/c?
2
What is the units digit of ((-36)/(-20) - 1)/((-3)/(-15))?
4
Let z(j) be the second derivative of j**5/20 + 5*j**4/12 - j**3/3 - 7*j**2/2 + 3*j. What is the units digit of z(-5)?
3
Let v be (4/6)/((-10)/(-195)). What is the tens digit of (-6)/(-3) + v + 2?
1
Let q(v) = -v**3 - 9*v**2 - 2*v - 6. Let h be q(-9). Suppose -72 = -4*s - h. What is the units digit of s?
5
Let q(d) = -97*d + 7. What is the tens digit of q(-2)?
0
Suppose 0 = -5*x - 0*x - 5*o + 25, 0 = -x + o - 1. Suppose -5*b + 3 = -x*b. What is the units digit of (-9)/(b*-3) - 1?
2
Let y be (-20)/2 + (-2)/(-2). Let j = 15 + y. Let l = j - 2. What is the units digit of l?
4
Suppose -3*u - u - 12 = v, 0 = -v - 5*u - 16. Suppose 3*q + 2*j = 100 - 12, -v*j = -2*q + 32. What is the units digit of q?
6
Suppose 6 = -0*w - 2*w. Let a = 6 + w. Suppose -3*p = a*z, -3*z + 2*p + 3*p + 8 = 0. What is the units digit of z?
1
Let d(h) = 3 + 2*h + 0 - 4. Let p be d(3). Suppose -3*u = -o - 7, -o + p + 0 = 0. What is the units digit of u?
4
Let f(d) = -d**2 - 3*d. Let b be f(-3). Suppose b*y = -4*y - 68. Let o = y - -24. What is the units digit of o?
7
Let c(v) = v**3 + 12*v**2 - 19*v - 7. What is the tens digit of c(-13)?
7
Suppose 2*d - 6*t - 356 = -11*t, 3*d = 3*t + 492. What is the hundreds digit of d?
1
Let d be ((-369)/(-12))/((-4)/(-16)). Suppose 2*j = b - 24, -4*b + d - 27 = -3*j. What is the units digit of b?
4
Let z = 58 + -20. What is the tens digit of z?
3
Suppose 0 = 2*h - 0*h - 2*g - 14, -h - 9 = 3*g. Let i = 5 - h. What is the units digit of (-3)/(-3)*i - -1?
3
Let j(f) = f**2 - 3*f - 2. Let k be j(4). Suppose 4*l = 2*p + 12, 4*p - 2*l + 12 = k*l. What is the units digit of (3/1)/(1 + p)?
3
Let f(r) = 168*r**2 - 6*r + 4. What is the units digit of f(1)?
6
Let w be 0*(-2)/4*2. Suppose w = 6*y - 2*y - 8. Let v = y - -4. What is the units digit of v?
6
Let m(b) be the first derivative of -b**7/840 - b**6/360 + b**4/24 + 4*b**3/3 - 3. Let a(l) be the third derivative of m(l). What is the units digit of a(0)?
1
Let i = 12 - 1. Let u(o) = -o**2 + 11*o + 10. What is the units digit of u(i)?
0
Let o = 282 - 181. What is the hundreds digit of o?
1
Suppose 4*u - 3*i = 39, 4 = -5*i - 1. What is the tens digit of (-2 - 1)/(u/(-30))?
1
Suppose -2*x + 363 - 97 = f, 5*x = 15. What is the units digit of f?
0
Let j = -25 - -76. What is the units digit of j?
1
Suppose 9*g = 322 + 839. What is the tens digit of g?
2
Let f = 14 + -8. Suppose 2*b = -b - f. Let l = b + 5. What is the units digit of l?
3
Let h(v) = 18*v. What is the tens digit of h(2)?
3
Let j(r) = -r**3 + 5*r**2 + 2. Let g be j(5). Suppose -z = -u - 12, -4*u = -g*u - 5*z + 39. Let o(a) = a**3 + 6*a**2 - 7*a + 5. What is the units digit of o(u)?
5
Suppose 4*w - 42 = -4*t - 6, -4*t + 21 = w. What is the units digit of w?
5
What is the units digit of ((-6)/21)/((-1)/91)?
6
Let l(f) = f**2 + 12. Let t(d) = d**3 - d. Let x = -2 - -3. Let u be t(x). What is the tens digit of l(u)?
1
Let h = -210 - -358. What is the hundreds digit of h?
1
Let h = -192 + 336. What is the units digit of h?
4
What is the tens digit of -478*(9/(-3))/6?
3
Let u be (-1122)/(-24) - (-1)/4. Suppose u = 3*d + 2. What is the units digit of d?
5
Suppose -3*c + 7 + 47 = 0. Suppose -m + 20 = 3*m, -x - 2*m = -c. What is the units digit of x?
8
Suppose 2*i - 14 = -3*c, -5*c + 29 = 5*i - 1. Let r(h) = 8*h - h**2 - 2*h - c - 4. What is the units digit of r(4)?
2
Let c = -2 - -3. Suppose 0 = -s + j + 3, 4*j - 8 - 4 = -4*s. Let t = s - c. What is the units digit of t?
2
Let t(p) = 0*p - p - 1 - 3*p. Let r be t(-1). Suppose -r*o + 3 = -2*o. What is the units digit of o?
3
Let i = 31 - -11. What is the tens digit of (i/10)/((-10)/(-50))?
2
Let f be (-24)/(-14) - (-4)/14. Let h be ((-7)/f + 2)*-2. Suppose -6*z + 30 = -h*z. What is the tens digit of z?
1
Su